 - 14 - -9 - -6?
-7
1 - 9 - (7 - 40 - (18 + -16))
27
What is the value of (4 - 0) + (95 - 86) - 7?
6
Calculate (-9 - -5) + -7 - (-28 - -29).
-12
-1 + 20 + -6 - (6 + (-8 - -4))
11
(-15 - -3) + (-14 - -12 - (0 + -2))
-12
Evaluate -8 - (-1 - 4 - (-14 + 11 + -14)).
-20
Calculate -33 + 22 - (2 - (5 + 1)) - -11.
4
What is (34 - (-4 + 42)) + 10?
6
Calculate (-7 - (-2 - 0)) + (7 - (27 + -41)).
16
What is -4 + (-20 - (-42 + 20))?
-2
What is the value of -11 + (6 - (4 - 3 - (1 - 1)))?
-6
Calculate 5 + (7 - (-3 + (0 - -5))).
10
What is the value of (-17 - (14 - 7)) + 36?
12
Calculate (0 - 17 - -4 - -9) + -1 + 4.
-1
What is the value of -2 - -6 - (17 - -2) - -3?
-12
(-3 - (13 + 2)) + -42 + 23
-37
What is the value of -21 + 6 + -2 - (-1 + (-4 - 1))?
-11
Evaluate (-4 - 19 - -16) + 25.
18
Evaluate 5 - (-11 - (-6 - -6 - 5) - -11).
0
What is the value of (-12 - 0) + 611 + -613?
-14
-2 + -2 + 4 + (4 - 20)
-16
What is the value of (0 - -9 - -4 - 6) + 3?
10
What is (-13 - 0 - -25 - 2) + -8?
2
5 + (5 - 15) + 2 + -22
-25
What is 20 - (7 + (9 - -2) + -10)?
12
Evaluate (-116 - -126) + (0 - 9).
1
Evaluate ((-13 - -9) + 21 - 8 - -8) + 4.
21
9 - (-25 - ((12 - 31) + 5))
20
What is the value of -7 - (-8 + (-10 - -7)) - 3?
1
Calculate 114 - 106 - (1 + 0 - -3).
4
25 + (12 - 60) + 8
-15
Calculate (-4 - 1) + 10 - -3.
8
What is the value of (-5 - -3) + (9 + 7 - 4)?
10
What is 3 + -2 + -10 + (0 - 1) - -13?
3
0 - -32 - (-18 - -43)
7
What is 4 + 7 + (-7 - 6 - -6) - -18?
22
What is 4 - (9 + -6) - (3 + (-6 - 1))?
5
-4 - 6 - -13 - 14 - 7
-18
What is (2 - (6 + 5)) + (-18 - (-15 - 3))?
-9
52 - 2 - (28 + -2)
24
What is -4 - -6 - ((10 - (8 - 9)) + -22)?
13
What is -148 + 145 + (1 - 2) + -2?
-6
What is the value of 9 + (8 - 18) + -5 + 7?
1
Calculate (16 + -17 - (-1 + 4)) + 7.
3
Calculate 38 + 1 + (22 - (-26 - -56)).
31
Calculate 0 + (5 - 24) - (-6 + 6 - 5).
-14
What is the value of -14 - (-35 + -4) - 13?
12
What is 1131 - 1152 - (1 + -12 + 2)?
-12
What is 0 + (11 - (-12 + 50 - 12))?
-15
What is (-9 + (-3 - -4) - 22) + 4?
-26
Calculate (-27 - -30) + 1 + (0 - 23).
-19
Evaluate (6 - (-4 - -4)) + (5 - -4) + -3.
12
-11 - -3 - -2 - (-211 - -212)
-7
18 - 13 - -21 - 39
-13
192 + -199 - (-9 + 1 + -2)
3
-10 + -10 + 12 + (2 + -6 - -16)
4
What is the value of 15 + (-6 - 29) + 16?
-4
-29 + 3 + -3 + 12 + -3 - -3
-17
Calculate -22 + (6 + 0 + -2 - -7) - 18.
-29
(5 - 5) + 11 - (1 - (-1 - -2))
11
(-1 - 7) + 29 + -31 + -3 + 2
-11
5 + 3 + (-2 - ((5 - 17) + -3))
21
-14 + -8 + 46 - 35
-11
Evaluate -20 + 2 - (-1 + -1) - (-376 - -375).
-15
What is the value of -8 + 33 + (-71 - -55)?
9
What is (3 - 14) + -3 + 1 + -3 + 3?
-13
What is 2 - (4 + 9 - (7 + 0))?
-4
What is -1 + 11 + -12 + (-2 - -5) + 2?
3
Calculate -1 + 16 + 513 + -531.
-3
What is (-37 - -57) + -13 + 1?
8
What is the value of -31 - (-24 - (13 - 28))?
-22
-3 + (-5 - (-6 - (1 - 4))) - 4
-9
What is -28 + (17 - -3) + 1 + -18 + 0?
-25
What is the value of -4 - (1 - 8 - (-83 - -81))?
1
What is 67 + (-57 - (20 - 30))?
20
2 - 0 - 13 - (352 - 399)
36
(-1 - 6) + -12 - -15
-4
(15 - 35) + 19 - -23
22
Calculate 2 - (20 - 3) - 11 - -8.
-18
(5 - -1) + -3 + 40 + -39
4
28 - (17 + -5 + 1)
15
Calculate 18 + -29 + 2 + 16.
7
Calculate -3 + (7 - 2 - 4).
-2
22 - 38 - (-1 - 10)
-5
Evaluate 16 + (7 - 14) - (-9 - (-1 - 3)).
14
(2 - 4 - (-2 + -1 + 0)) + 14
15
Evaluate -16 + 7 + (-10 + 15 - 7).
-11
What is the value of (7 - (4 + (-7 - -26))) + -11?
-27
(25 - 23) + 0 + -13 + -7
-18
What is -165 + 160 + (1 - -8)?
4
What is 4 - ((-16 - -17) + 1 + -11)?
13
Calculate -2 + (4 - 5) - (12 - 11).
-4
Calculate 6 + (-17 - -12) - 7.
-6
What is the value of 5 + -17 + (-7 - -11 - 13)?
-21
Evaluate 0 - (-1 + 4 + -9 - (6 + -9)).
3
-2 - (-1 - 0 - (66 + -49))
16
16 - (-3 - (3 - (-1 - 1) - 9))
15
-113 + 102 + -3 + (1 - 5)
-18
Calculate -11 + (-2 - 0) - (663 + -662).
-14
Evaluate -2 + 12 + (0 - (-4 + 2)).
12
What is the value of -13 - -1 - -2 - (1 - -1)?
-12
Evaluate (2 - (-10 - -9)) + -4.
-1
Evaluate -29 + 36 + (5 - 4) + (0 - 16).
-8
What is the value of 9 + 7 + -9 - ((-1 - 2) + 0)?
10
What is the value of -11 + 8 + 6 + 0 - (-1 - -13)?
-9
-11 + -1 + (-130 - -155)
13
Calculate -101 + 110 - (-4 - -9).
4
Evaluate (166 - 180) + (13 - -2).
1
Evaluate (11 - 10) + (2 - (1 - (-12 + 5))).
-5
Calculate -26 + (30 - 45 - -27).
-14
Evaluate (-11 - 5) + (2 - (-9 + -3)) + -10.
-12
What is the value of -19 - (-11 + -1 - 6)?
-1
-11 - (5 - (-2 - -17))
-1
What is the value of (-33 - (30 + -93)) + -17?
13
Evaluate -15 + 16 + 12 + -21.
-8
What is the value of -9 - (-6 + -1 + 4 + -8) - 13?
-11
What is 4 + -3 + 20 + 5?
26
Evaluate -10 - (0 + 13 + -12 - (4 + -1)).
-8
Evaluate 0 + 4 + -20 + (-7 + 4 - 3).
-22
1 + -12 + 29 + -12 + 5 + -2
9
What is (-16 + 21 - 2) + (-5 - 11)?
-13
Calculate 29 - (7 - (10 + 2 + -10 + 8)).
32
Evaluate -13 + -2 - (20 + -12 - 47).
24
What is the value of -47 + 27 + (-8 - (2 + (0 - 4)))?
-26
What is the value of -2 + 11 + 1 + 24 + -4 + -11?
19
What is -12 - -8 - 2 - (-9 - 1) - 13?
-9
-7 - (7 - (-3 - 4 - -21))
0
What is -41 - -66 - (42 + -13)?
-4
What is the value of 12 - 16 - (-3 + -2 + 9)?
-8
What is 7 + (-4 - (-10 + 10)) + 6?
9
Calculate -61 + 24 + -3 + 4.
-36
What is 10 - (-20 + 9 - (4 + -1 - 10))?
14
Calculate 0 - (7 - 1) - -30 - 16.
8
-27 - 12 - -15 - 9
-33
Evaluate -34 - 0 - (-3 - (-5 - (-6 + -7))).
-23
Calculate (-27 - (4 - 0)) + (67 - 55).
-19
Evaluate -5 - -14 - 8 - 8 - 11.
-18
Evaluate 16 - (-23 + 9 + 29).
1
What is 2 - (2 + -14 + (-6 - -9) + 4)?
7
Calculate 23 - 11 - 7 - (1 + -5 + 3).
6
Evaluate 10 + (0 - -10 - -2 - 14) - -31.
39
What is 0 + (11 - 1) + 3 + -22 - 0?
-9
Calculate -7 + (-67 - -67 - (-5 - 0)) + 20.
18
Evaluate 0 + -378 + 400 + (-1 - 3).
18
What is 2 + (5 - 3) + 4 + (-15 - 12)?
-19
Calculate -11 - (17 - (21 - 5)).
-12
4 - (-66 + 64 - (-2 + -4 + 1))
1
What is -9 + 1 + 16 + -22 + 2?
-12
What is the value of (26 - 5 - 11) + -33 + 8?
-15
Evaluate -16 + -3 - -5 - (10 - -6).
-30
Calculate 1126 - 1126 - (-12 + 0 + 1).
11
What is (11 - 4) + (-15 - 4 - (1 + -6))?
-7
What is 5 - ((-3 + -1 - 7) + 1 - 9)?
24
Evaluate 43 + -37 + (-2 - -16).
20
Calculate -5 - ((-17 - -49) + -71).
34
What is (14 - 25 - -12) + (0 - (-5 - 1))?
7
What is -18 + (39 - 11) - 37?
-27
What is the value of -10 - ((-35 - -8 - -4) + 0)?
13
What is -28 - -36 - (21 + -3) - -11?
1
What is 2 + -3 - (5 - -6 - 2 - 2)?
-8
(82 - 48) + -34 + (-7 - -1)
-6
Calculate -2 - (-8 + (2 - (7 + -2 + -6))).
3
(36 - 49 - (4 - 4)) + -1 + 3
-11
Calculate 19 - 42 - (-2 - (3 + -1) - -1).
-20
Evaluate (3 - (0 - -2)) + -53 + 45.
-7
What is the value of 3 - (24 + -2) - -24?
5
What is -16 + (-4 - (-1 - 19))?
0
Calculate -3 + 14 - (13 - 15).
13
What is the value of 7 - -13 - -8 - 16?
12
Calculate (-17 - -13 - -7) + 3 - (-1 + 8).
-1
16 - 7 - 3 - 10
-4
What is the value of 11 + 9 + -11 - 18 - -12?
3
-4 + 0 - (4 - (14 - 6))
0
What is the value of 1 - (-17 + 8 + 17)?
-7
Evaluate -2 + (2 - -6) - 0 - 5.
1
11 + (-30 - 1) + 10 - (-5 - 34)
29
What is the value of (-6 - 6 - (-3 + 5)) + -7?
-21
Evaluate -14 - (-3 + 11) - ((4 - 3) + 3).
-26
-2 + 9 + -2 + -23 + 24
6
What is 10 - -4 - 6 - (-3 + 12)?
-1
Calculate (-1245 - -1262) + 1 + -8.
10
Calculate 10 + (13 - -2 - (-1 + 4) - 5).
17
0 + -44 + 16 + (-13 - -17)
-24
What is the value of -376 + 368 - (-2 + 1 + -22)?
15
Evaluate 35 + -50 + -3 - (-2 + -6).
-10
What is the value of 10 - (-19 + -18 + 43) - 30?
-26
What is the value of -14 + 49 + 1 + -25?
11
Evaluate -18 + (15 - (14 - -2) - (-7 + 1)).
-13
Calculate -14 - (-41 - -8) - 14.
5
What is -3 + 3 + 7 - (-1 - 1) - -1?
10
(17 - -4) + 28 + -24
25
What is -8 - (-1 - 2) - (-14 - 1 - -8)?
2
Evaluate -5 + ((-2 - -2) + 18 - (-58 + 62)).
9
20 + (-5 - 13 - -7)
9
6 - (24 + (2 - (-4 - -15)) + 3)
-12
What is the value of -12 - (-22 - 1) - 0?
11
What is (-1 - (0 - 2 - 6)) + (-25 - -16)?
-2
What is -5 + (32 + -9 - 3) + -3?
12
What is the value of -3 + (2 - 3 - -2) + 13 + -10?
1
(-19 - -21 - -14) + -4
12
Evaluate -1 - 2 - (1 + 1 - -5).
-10
Calculate 6 + -17 - (-97 + 63).
23
12 + 0 + 1 + -11 + (0 - 0)
2
What is 10 - (-23 + 8 + 26)?
-1
What is (-40 - (-16 + 5)) + (1 - -8)?
-20
Calculate -8 + (3 + 2 - (-11 + 8)) - 7.
-7
What is the value of 5 - (-4 + (11 - (1 - -5))) - 2?
2
Evaluate (35 - 15) + 6 + -16.
10
What is -3 - (1 + 22 + -17 - (-1 + -2))?
-12
Evaluate (-6 + 3 - 1 - 2